 11, 23
What are the prime factors of 4914?
2, 3, 7, 13
List the prime factors of 70294.
2, 7, 5021
List the prime factors of 1350.
2, 3, 5
List the prime factors of 1011.
3, 337
List the prime factors of 5801.
5801
List the prime factors of 22030.
2, 5, 2203
List the prime factors of 29919.
3, 9973
List the prime factors of 1818.
2, 3, 101
What are the prime factors of 45049?
19, 2371
What are the prime factors of 22261?
113, 197
List the prime factors of 2800.
2, 5, 7
What are the prime factors of 88788?
2, 3, 7, 151
List the prime factors of 50708.
2, 7, 1811
What are the prime factors of 1340?
2, 5, 67
List the prime factors of 78863.
17, 4639
What are the prime factors of 17226?
2, 3, 11, 29
List the prime factors of 16506.
2, 3, 7, 131
List the prime factors of 6471.
3, 719
List the prime factors of 4674.
2, 3, 19, 41
What are the prime factors of 2618?
2, 7, 11, 17
List the prime factors of 3278.
2, 11, 149
List the prime factors of 136479.
3, 7, 67, 97
What are the prime factors of 16?
2
What are the prime factors of 4421?
4421
What are the prime factors of 5487?
3, 31, 59
List the prime factors of 49.
7
What are the prime factors of 48748?
2, 7, 1741
List the prime factors of 1391.
13, 107
List the prime factors of 87584.
2, 7, 17, 23
List the prime factors of 3497.
13, 269
List the prime factors of 115.
5, 23
List the prime factors of 91455.
3, 5, 7, 13, 67
What are the prime factors of 15470?
2, 5, 7, 13, 17
List the prime factors of 408.
2, 3, 17
What are the prime factors of 8531?
19, 449
List the prime factors of 1698.
2, 3, 283
List the prime factors of 59320.
2, 5, 1483
What are the prime factors of 83507?
113, 739
List the prime factors of 7852.
2, 13, 151
What are the prime factors of 4763?
11, 433
List the prime factors of 10188.
2, 3, 283
What are the prime factors of 1091?
1091
List the prime factors of 52572.
2, 3, 13, 337
List the prime factors of 9199.
9199
List the prime factors of 3199.
7, 457
List the prime factors of 12745.
5, 2549
List the prime factors of 820.
2, 5, 41
What are the prime factors of 7336?
2, 7, 131
List the prime factors of 897.
3, 13, 23
List the prime factors of 100736.
2, 787
List the prime factors of 200856.
2, 3, 8369
What are the prime factors of 59850?
2, 3, 5, 7, 19
List the prime factors of 3097.
19, 163
List the prime factors of 3047.
11, 277
What are the prime factors of 41354?
2, 23, 29, 31
What are the prime factors of 21390?
2, 3, 5, 23, 31
What are the prime factors of 1442?
2, 7, 103
What are the prime factors of 22151?
17, 1303
What are the prime factors of 599?
599
List the prime factors of 6841.
6841
What are the prime factors of 76771?
76771
List the prime factors of 1038.
2, 3, 173
List the prime factors of 2502.
2, 3, 139
List the prime factors of 30125.
5, 241
What are the prime factors of 4658?
2, 17, 137
List the prime factors of 2781.
3, 103
List the prime factors of 41106.
2, 3, 13, 17, 31
What are the prime factors of 2602?
2, 1301
List the prime factors of 4130.
2, 5, 7, 59
What are the prime factors of 13882?
2, 11, 631
What are the prime factors of 42641?
42641
What are the prime factors of 14269?
19, 751
What are the prime factors of 18266?
2, 9133
List the prime factors of 6213.
3, 19, 109
List the prime factors of 142071.
3, 23, 29, 71
List the prime factors of 2565.
3, 5, 19
List the prime factors of 10158.
2, 3, 1693
List the prime factors of 1772.
2, 443
What are the prime factors of 7365?
3, 5, 491
What are the prime factors of 8968?
2, 19, 59
What are the prime factors of 121?
11
What are the prime factors of 163531?
29, 5639
What are the prime factors of 3155?
5, 631
What are the prime factors of 8183?
7, 167
What are the prime factors of 1318?
2, 659
What are the prime factors of 1188?
2, 3, 11
List the prime factors of 6317.
6317
List the prime factors of 11666.
2, 19, 307
What are the prime factors of 60324?
2, 3, 11, 457
What are the prime factors of 13461?
3, 7, 641
What are the prime factors of 158?
2, 79
What are the prime factors of 3754?
2, 1877
What are the prime factors of 436?
2, 109
What are the prime factors of 7455?
3, 5, 7, 71
What are the prime factors of 15853?
83, 191
List the prime factors of 39017.
11, 3547
List the prime factors of 50596.
2, 7, 13, 139
List the prime factors of 148.
2, 37
List the prime factors of 621.
3, 23
List the prime factors of 3162.
2, 3, 17, 31
What are the prime factors of 2559?
3, 853
List the prime factors of 44064.
2, 3, 17
List the prime factors of 15830.
2, 5, 1583
List the prime factors of 157932.
2, 3, 41, 107
List the prime factors of 1919.
19, 101
What are the prime factors of 4395?
3, 5, 293
What are the prime factors of 3342?
2, 3, 557
List the prime factors of 92118.
2, 3, 13, 1181
List the prime factors of 2394.
2, 3, 7, 19
What are the prime factors of 2313?
3, 257
What are the prime factors of 8113?
7, 19, 61
List the prime factors of 5160.
2, 3, 5, 43
List the prime factors of 1670.
2, 5, 167
List the prime factors of 66.
2, 3, 11
What are the prime factors of 25745?
5, 19, 271
List the prime factors of 1267.
7, 181
List the prime factors of 1762.
2, 881
What are the prime factors of 6140?
2, 5, 307
What are the prime factors of 3286?
2, 31, 53
What are the prime factors of 434?
2, 7, 31
List the prime factors of 762.
2, 3, 127
List the prime factors of 1356.
2, 3, 113
List the prime factors of 3899.
7, 557
List the prime factors of 5646.
2, 3, 941
What are the prime factors of 2580?
2, 3, 5, 43
List the prime factors of 38973.
3, 11, 1181
What are the prime factors of 3099?
3, 1033
List the prime factors of 3150.
2, 3, 5, 7
What are the prime factors of 2038?
2, 1019
What are the prime factors of 15256?
2, 1907
What are the prime factors of 28884?
2, 3, 29, 83
List the prime factors of 2652.
2, 3, 13, 17
List the prime factors of 24915.
3, 5, 11, 151
List the prime factors of 986.
2, 17, 29
List the prime factors of 54804.
2, 3, 4567
What are the prime factors of 741?
3, 13, 19
List the prime factors of 661.
661
List the prime factors of 1328.
2, 83
What are the prime factors of 56214?
2, 3, 347
List the prime factors of 526.
2, 263
List the prime factors of 977.
977
What are the prime factors of 9649?
9649
List the prime factors of 2083.
2083
What are the prime factors of 27930?
2, 3, 5, 7, 19
What are the prime factors of 551?
19, 29
List the prime factors of 11456.
2, 179
List the prime factors of 14990.
2, 5, 1499
List the prime factors of 2834.
2, 13, 109
What are the prime factors of 24573?
3, 8191
List the prime factors of 4824.
2, 3, 67
List the prime factors of 24132.
2, 3, 2011
List the prime factors of 15754.
2, 7877
List the prime factors of 12110.
2, 5, 7, 173
List the prime factors of 5863.
11, 13, 41
What are the prime factors of 821?
821
List the prime factors of 2123.
11, 193
List the prime factors of 22493.
83, 271
List the prime factors of 698.
2, 349
List the prime factors of 25119.
3, 2791
List the prime factors of 3157.
7, 11, 41
What are the prime factors of 7222?
2, 23, 157
List the prime factors of 1997.
1997
List the prime factors of 14330.
2, 5, 1433
List the prime factors of 9831.
3, 29, 113
List the prime factors of 9425.
5, 13, 29
What are the prime factors of 41435?
5, 8287
List the prime factors of 65800.
2, 5, 7, 47
What are the prime factors of 158?
2, 79
What are the prime factors of 78?
2, 3, 13
List the prime factors of 5210.
2, 5, 521
What are the prime factors of 96916?
2, 24229
What are the prime factors of 233?
233
What are the prime factors of 3140?
2, 5, 157
List the prime factors of 8923.
8923
What are the prime factors of 654?
2, 3, 109
What are the prime factors of 999?
3, 37
What are the prime factors of 12979?
12979
What are the prime factors of 6131?
6131
List the prime factors of 1977.
3, 659
List the prime factors of 352.
2, 11
List the prime factors of 1188.
2, 3, 11
What are the prime factors of 38717?
7, 5531
List the prime factors of 30560.
2, 5, 191
What are the prime factors of 50923?
50923
List the prime factors of 1569.
3, 523
List the prime factors of 2139.
3, 23, 31
What are the prime factors of 3314?
2, 1657
List the prime factors of 5700.
2, 3, 5, 19
List the prime factors of 13.
13
What are the prime factors of 468?
2, 3, 13
Li